 9 = -3*i - 244, 2*d - i = 102. Suppose -79 = -4*h + d. Calculate the remainder when h is divided by 12.
9
Let n = -45 + 79. Suppose -5 = -3*b + 19. Suppose 20 = a + b. What is the remainder when n is divided by a?
10
Let x = -9 - -11. Calculate the remainder when 7 is divided by x.
1
Suppose 0*x - 5*c - 35 = 5*x, -3*c - 6 = -2*x. Calculate the remainder when 1/((-30)/(-9) + x) is divided by 2.
1
Let s = -6 - -10. Suppose 4*t - 16 = -s. Suppose -t*c + c + 58 = 0. What is the remainder when c is divided by 10?
9
Suppose n = -n + r + 80, 0 = -3*r - 6. What is the remainder when 73 is divided by n?
34
Let h = -20 + 42. Let f be 6/(-14) - 600/(-28). Let g = -13 + f. Calculate the remainder when h is divided by g.
6
Let y be 2/(-14) - 752/28. Let c = -34 - -84. Let m = c + y. What is the remainder when 44 is divided by m?
21
Calculate the remainder when (30/(-45))/(4/(-342)) is divided by 15.
12
Let d = 2 + 1. Suppose -2*c - v = -15, -5*c - v + d*v = -15. Let k(t) = -t**2 - 7*t - 3. What is the remainder when c is divided by k(-6)?
2
Let y(i) = 10*i**2 + i. What is the remainder when y(-1) is divided by 4?
1
Suppose 41 = -w + 2*w. Let b = w - 29. What is the remainder when 46 is divided by b?
10
Let r(m) = -m + 8. Let z be r(4). Suppose -8*g = -z*g - 120. Calculate the remainder when g is divided by 8.
6
Let w = 160 + -141. What is the remainder when 70 is divided by w?
13
Let w = -82 - -88. What is the remainder when 17 is divided by w?
5
Let g = 87 + -57. Calculate the remainder when 117 is divided by g.
27
Let y = -23 + 78. Let v = y + -31. Calculate the remainder when 94 is divided by v.
22
Let y(d) = -d**3 + 9*d**2 - 5*d - 4. Let s be y(8). Let n = s + -11. What is the remainder when n is divided by 5?
4
Let v = 135 + -108. Calculate the remainder when v is divided by (-4)/(-18) + 528/54.
7
Suppose -13 = -0*f - f. What is the remainder when (-364)/(-10) + (-3)/(-5) is divided by f?
11
Let c = -3 + 16. Calculate the remainder when 64 is divided by c.
12
Suppose -4*k - i + 47 = -8, -4*i = 5*k - 77. Calculate the remainder when 75 is divided by k.
10
Let g be 1/(-1) + (-3 + 2)*6. Suppose 15 = 4*y - 3*r, 0 = 2*y + 3*r - 2 - 1. Calculate the remainder when (y + g)*(-2)/1 is divided by 3.
2
Let s(h) = -h**3 - 6*h**2 - 5*h + 7. What is the remainder when 26 is divided by s(-5)?
5
Suppose 10 = 5*z - 0. Suppose a - 4 = -k + z, -a = -2. Suppose 0 = k*n - 3*n - 8. Calculate the remainder when 31 is divided by n.
7
Suppose 4*f + 0*f - 95 = -5*j, 3*f - 48 = 4*j. What is the remainder when 39 is divided by f?
19
Suppose 14 = 2*y + 5*q, 0*q = -y + 4*q + 33. Calculate the remainder when 116 is divided by y.
14
What is the remainder when 8 + 30 - (3 + 1) is divided by 6?
4
Let s = 399 + -239. Suppose 0 = r + 4*r - s. What is the remainder when r is divided by 17?
15
Suppose 5*r = 5*z + 5, 1 = -3*z + 6*z - 4*r. Let i(x) = 10*x**3 + 2*x**2 - x. Let a be i(1). Let l = a + z. What is the remainder when 11 is divided by l?
5
Let r(l) = 2*l + 2. Let u(w) = 7*w + 5. Let d(j) = -8*r(j) + 3*u(j). Let z be d(1). Let y(f) = 3*f - 4. Calculate the remainder when y(z) is divided by 5.
3
Let u = 3 - 2. Suppose -t + u = -0. Calculate the remainder when 0 - 0 - (-2)/1 is divided by t.
0
What is the remainder when -1*(1 + -86) - 2 is divided by 17?
15
Suppose -4*d - d + 20 = 0. Suppose d + 8 = -p + 3*t, -5*p + t - 4 = 0. Suppose 4*g + 4 = 0, g + 13 = h - p. Calculate the remainder when h is divided by 7.
5
Suppose -129 = -a - 6. Suppose -a + 47 = -4*u. Let z = -24 + 80. Calculate the remainder when z is divided by u.
18
Let a(i) = 3*i - 3. Let x be 1/(-2)*(-2)/(-1). Let n(o) = 25*o**2 - 2*o - 2. What is the remainder when n(x) is divided by a(4)?
7
Let a be 58/6 + 6/(-9). Let p = a - -1. Let s(m) = -m**3 + 11*m**2 - 7*m - 10. Calculate the remainder when s(p) is divided by 11.
9
Let j(l) = l**2 + 2*l - 3. Let h be j(-5). Let m = h + -1. Calculate the remainder when 21 is divided by m.
10
Let g(y) = -2*y + 4 - 2 + 5*y**2 - y**3 - 2*y**2. Let o be g(2). Calculate the remainder when 21 is divided by o/6 + 34/6.
3
Let g(z) = z**2 - 5*z - 4. What is the remainder when g(-6) is divided by 17?
11
Suppose 4*f + 3 - 23 = 0. Let g(v) = -v**3 + 7*v**2 - 4*v - 1. Calculate the remainder when g(f) is divided by 8.
5
Let p(q) = 2*q + 16. Calculate the remainder when 21 is divided by p(-4).
5
Let l = 12 + -11. Let j = 10 + l. Calculate the remainder when 30 is divided by j.
8
Let p = 0 + 30. Calculate the remainder when p is divided by 7.
2
Suppose 0 = 2*a - j + 39, 25 = -3*a - 4*j - 28. Calculate the remainder when 1/((-1)/a - 0) is divided by 10.
9
Let r = 24 - -1. Calculate the remainder when ((-73)/2)/((-6)/12) is divided by r.
23
Suppose -3*m + 8*m - 25 = 0. Suppose -11 = -m*j + 4. Calculate the remainder when j is divided by 2.
1
Let w(c) = -c**3 + 6*c**2 - 4*c + 6. Let a(u) = u**2 - 3*u - 10. What is the remainder when w(4) is divided by a(6)?
6
Let f(m) = 9*m + 1. Let v = -3 - -5. Let x = v - -5. What is the remainder when f(2) is divided by x?
5
Let g = 4 - 0. Let v(c) = 2*c**2 - 5*c + 6. Calculate the remainder when 51 is divided by v(g).
15
What is the remainder when ((-6)/5)/((-48)/640) is divided by 7?
2
Calculate the remainder when (-78)/(-10) - (-5)/25 is divided by 3.
2
Let u = 222 + -47. Suppose 4*i + u = -i. What is the remainder when 65/7 + 10/i is divided by 6?
3
Let b(f) = -7*f**2 + 3*f + 98. Let x(r) = -11*r**2 + 5*r + 147. Let m(h) = 8*b(h) - 5*x(h). Calculate the remainder when m(0) is divided by 17.
15
Let a(t) = t**3 - 6*t**2 + 7*t - 2. Suppose 2*v - 8 + 0 = 0, 5*v = -2*f + 30. Let d(i) = i**2 - 4*i. Calculate the remainder when a(5) is divided by d(f).
3
Suppose -4*t + 14 = 78. Let f be (t/10 - -2)*65. Suppose 0 = 3*n - 4*m - 36, -5*n = 5*m + 1 - f. What is the remainder when 23 is divided by n?
7
Let q = -2 + 3. Let w = q + 4. Suppose -4*r - 30 = -c, w*r = -3*c + 2*c + 12. Calculate the remainder when c is divided by 12.
10
Suppose 4*w = -5*m + 241, 2*w + w + 3 = 0. Let a(s) = -s**3 - 7*s**2 - 3*s - 11. Let j be a(-6). Let u = j + m. What is the remainder when u is divided by 7?
6
Suppose 2*f - 4*f + 22 = 0. What is the remainder when 21 is divided by f?
10
Suppose n = -4*n + 50. What is the remainder when 19 is divided by n?
9
Let o(v) = v**2 + 7*v - 6. Let y be o(-8). Let l(x) = 16*x - 3. What is the remainder when l(y) is divided by 10?
9
Let u(o) = -o - 3. Let y be u(-7). What is the remainder when (y/8)/((-2)/(-104)) is divided by 9?
8
Let h be ((-12)/14)/((-2)/(-14)). Let p = h + 21. Calculate the remainder when 0/2 + 29/1 is divided by p.
14
Let o = 28 + -22. What is the remainder when 21 is divided by o?
3
Suppose -5*d + 120 = -30. Calculate the remainder when d is divided by 8.
6
Suppose 3*r = f + 6*r - 9, 5*f - 5*r - 5 = 0. Suppose -f*i + 55 = -8. What is the remainder when i is divided by -2*(3 + (-17)/2)?
10
Suppose 3*n = -3*z + 36, -4*n + 0*n + 5*z = -21. Suppose 2 = 2*h, -2*f + n + 14 = h. Calculate the remainder when 41 is divided by f.
8
Let u(h) = 2 + h**2 + h - 1 - 2 + 0. What is the remainder when 2 is divided by u(1)?
0
Suppose 4*a + 21 = 101. Let i(x) = 9*x - 6. What is the remainder when i(5) is divided by a?
19
Suppose -3*j + 29 = -16. Let b be j/(-10)*(-40)/3. What is the remainder when 19 is divided by (b/6)/((-1)/(-3))?
9
Calculate the remainder when 30 is divided by 15/3 - (1 + 0).
2
What is the remainder when 20 is divided by (-21)/(-2) + 4/8?
9
Let m be 12/9*(-1 - -4). Suppose -4*q + 188 = -m*k, -3*k + 253 = 5*q + k. What is the remainder when q is divided by 17?
15
Let b be (1 + 2 + -3)/2. Suppose 2*w + b*w = 20. Let u(c) = 4*c + 3. Calculate the remainder when u(4) is divided by w.
9
Let k be ((-21)/12)/((-2)/(-16)). Let j(d) = -2*d - 16. What is the remainder when 33 is divided by j(k)?
9
Suppose 38 = 5*v - 4*t, -6*v + 14 = -2*v + 5*t. Suppose 3*a - v = 2*a + p, -5*a + 46 = 3*p. Calculate the remainder when 30 is divided by a.
6
Let i be 7/(7/44) - 3. Let g = -22 + i. Calculate the remainder when 36 is divided by g.
17
Let p(m) = 6 + 11*m - m**2 + 0*m**2 - 2*m. Suppose 18 = 4*x - 18. What is the remainder when 11 is divided by p(x)?
5
Suppose -n - 21 = -2*n. Suppose 0 = -5*b + 5*d + 46 - 6, 0 = -5*b - 2*d + 5. Suppose 0 = -2*g 